{"id":1548,"date":"2021-08-05T19:26:45","date_gmt":"2021-08-05T19:26:45","guid":{"rendered":"https:\/\/ratio.edu.br\/?page_id=1548"},"modified":"2022-06-04T00:31:57","modified_gmt":"2022-06-04T00:31:57","slug":"ata-digital-da-colacao-de-grau","status":"publish","type":"page","link":"https:\/\/ratio.edu.br\/?page_id=1548","title":{"rendered":"Ata digital da Cola\u00e7\u00e3o de Grau 2021.1"},"content":{"rendered":"\t\t<div data-elementor-type=\"wp-page\" data-elementor-id=\"1548\" class=\"elementor elementor-1548\" data-elementor-post-type=\"page\">\n\t\t\t\t\t\t<section class=\"elementor-section elementor-top-section elementor-element elementor-element-cba8f96 elementor-section-boxed elementor-section-height-default elementor-section-height-default\" data-id=\"cba8f96\" data-element_type=\"section\" data-e-type=\"section\" data-settings=\"{&quot;background_background&quot;:&quot;classic&quot;}\">\n\t\t\t\t\t\t<div class=\"elementor-container elementor-column-gap-default\">\n\t\t\t\t\t<div class=\"elementor-column elementor-col-100 elementor-top-column elementor-element elementor-element-3bc1887\" data-id=\"3bc1887\" data-element_type=\"column\" data-e-type=\"column\">\n\t\t\t<div class=\"elementor-widget-wrap elementor-element-populated\">\n\t\t\t\t\t\t<div class=\"elementor-element elementor-element-cbeb367 elementor-widget elementor-widget-heading\" data-id=\"cbeb367\" data-element_type=\"widget\" data-e-type=\"widget\" data-widget_type=\"heading.default\">\n\t\t\t\t<div class=\"elementor-widget-container\">\n\t\t\t\t\t<h2 class=\"elementor-heading-title elementor-size-default\">Cola\u00e7\u00e3o de Grau Virtual<\/h2>\t\t\t\t<\/div>\n\t\t\t\t<\/div>\n\t\t\t\t<div class=\"elementor-element elementor-element-f9639e1 elementor-widget-divider--view-line_icon elementor-view-default elementor-widget-divider--element-align-center elementor-widget elementor-widget-divider\" data-id=\"f9639e1\" data-element_type=\"widget\" data-e-type=\"widget\" data-widget_type=\"divider.default\">\n\t\t\t\t<div class=\"elementor-widget-container\">\n\t\t\t\t\t\t\t<div class=\"elementor-divider\">\n\t\t\t<span class=\"elementor-divider-separator\">\n\t\t\t\t\t\t\t<div class=\"elementor-icon elementor-divider__element\">\n\t\t\t\t\t<i aria-hidden=\"true\" class=\"fas fa-user-graduate\"><\/i><\/div>\n\t\t\t\t\t\t<\/span>\n\t\t<\/div>\n\t\t\t\t\t\t<\/div>\n\t\t\t\t<\/div>\n\t\t\t\t<div class=\"elementor-element elementor-element-5e2124c elementor-widget elementor-widget-spacer\" data-id=\"5e2124c\" data-element_type=\"widget\" data-e-type=\"widget\" data-widget_type=\"spacer.default\">\n\t\t\t\t<div class=\"elementor-widget-container\">\n\t\t\t\t\t\t\t<div class=\"elementor-spacer\">\n\t\t\t<div class=\"elementor-spacer-inner\"><\/div>\n\t\t<\/div>\n\t\t\t\t\t\t<\/div>\n\t\t\t\t<\/div>\n\t\t\t\t\t<\/div>\n\t\t<\/div>\n\t\t\t\t\t<\/div>\n\t\t<\/section>\n\t\t\t\t<section class=\"elementor-section elementor-top-section elementor-element elementor-element-4765a80 elementor-section-stretched elementor-section-boxed elementor-section-height-default elementor-section-height-default\" data-id=\"4765a80\" data-element_type=\"section\" data-e-type=\"section\" data-settings=\"{&quot;stretch_section&quot;:&quot;section-stretched&quot;}\">\n\t\t\t\t\t\t<div class=\"elementor-container elementor-column-gap-default\">\n\t\t\t\t\t<div class=\"elementor-column elementor-col-100 elementor-top-column elementor-element elementor-element-447aabb\" data-id=\"447aabb\" data-element_type=\"column\" data-e-type=\"column\">\n\t\t\t<div class=\"elementor-widget-wrap elementor-element-populated\">\n\t\t\t\t\t\t<div class=\"elementor-element elementor-element-a335c69 elementor-widget elementor-widget-text-editor\" data-id=\"a335c69\" data-element_type=\"widget\" data-e-type=\"widget\" data-widget_type=\"text-editor.default\">\n\t\t\t\t<div class=\"elementor-widget-container\">\n\t\t\t\t\t\t\t\t\t<p>A Faculdade RATIO realizou a Cola\u00e7\u00e3o de Grau 2020.1 e 2021.2 do Curso de Optometria completamente online.<\/p><p>A iniciativa leva em considera\u00e7\u00e3o as recomenda\u00e7\u00f5es nacionais e internacionais de enfrentamento \u00e0 Covid-19. O objetivo \u00e9 manter em pr\u00e1tica o distanciamento social, garantindo assim a seguran\u00e7a e sa\u00fade de concludentes, familiares e colaboradores da Faculdade.<\/p><p><strong>Assinatura da ata<\/strong><\/p><p>Para que os concludentes possam comprovar sua participa\u00e7\u00e3o, eles dever\u00e3o assinar digitalmente a Ata de Cola\u00e7\u00e3o de Grau por meio do link enviado para o e-mail. Vale destacar que o registro de presen\u00e7a \u00e9 fundamental para a solicita\u00e7\u00e3o do diploma.<\/p>\t\t\t\t\t\t\t\t<\/div>\n\t\t\t\t<\/div>\n\t\t\t\t<section class=\"elementor-section elementor-inner-section elementor-element elementor-element-27dd6db elementor-section-boxed elementor-section-height-default elementor-section-height-default\" data-id=\"27dd6db\" data-element_type=\"section\" data-e-type=\"section\">\n\t\t\t\t\t\t<div class=\"elementor-container elementor-column-gap-default\">\n\t\t\t\t\t<div class=\"elementor-column elementor-col-50 elementor-inner-column elementor-element elementor-element-ad3a349\" data-id=\"ad3a349\" data-element_type=\"column\" data-e-type=\"column\">\n\t\t\t<div class=\"elementor-widget-wrap elementor-element-populated\">\n\t\t\t\t\t\t<div class=\"elementor-element elementor-element-27d0426 elementor-align-center elementor-widget elementor-widget-button\" data-id=\"27d0426\" data-element_type=\"widget\" data-e-type=\"widget\" data-widget_type=\"button.default\">\n\t\t\t\t<div class=\"elementor-widget-container\">\n\t\t\t\t\t\t\t\t\t<div class=\"elementor-button-wrapper\">\n\t\t\t\t\t<a class=\"elementor-button elementor-button-link elementor-size-sm\" href=\"https:\/\/ratio.edu.br\/wp-content\/uploads\/2021\/08\/Ata-Final-da-Colacao-de-Grau-Assinada-Eletronicamente.pdf\" target=\"_blank\">\n\t\t\t\t\t\t<span class=\"elementor-button-content-wrapper\">\n\t\t\t\t\t\t<span class=\"elementor-button-icon\">\n\t\t\t\t<i aria-hidden=\"true\" class=\"far fa-file-pdf\"><\/i>\t\t\t<\/span>\n\t\t\t\t\t\t\t\t\t<span class=\"elementor-button-text\">CLIQUE AQUI E ACESSE A ATA DA COLA\u00c7\u00c3O DE GRAU<\/span>\n\t\t\t\t\t<\/span>\n\t\t\t\t\t<\/a>\n\t\t\t\t<\/div>\n\t\t\t\t\t\t\t\t<\/div>\n\t\t\t\t<\/div>\n\t\t\t\t\t<\/div>\n\t\t<\/div>\n\t\t\t\t<div class=\"elementor-column elementor-col-50 elementor-inner-column elementor-element elementor-element-d52b278\" data-id=\"d52b278\" data-element_type=\"column\" data-e-type=\"column\">\n\t\t\t<div class=\"elementor-widget-wrap elementor-element-populated\">\n\t\t\t\t\t\t<div class=\"elementor-element elementor-element-e5af181 elementor-align-center elementor-widget elementor-widget-button\" data-id=\"e5af181\" data-element_type=\"widget\" data-e-type=\"widget\" data-widget_type=\"button.default\">\n\t\t\t\t<div class=\"elementor-widget-container\">\n\t\t\t\t\t\t\t\t\t<div class=\"elementor-button-wrapper\">\n\t\t\t\t\t<a class=\"elementor-button elementor-button-link elementor-size-sm\" href=\"https:\/\/ratio.edu.br\/wp-content\/uploads\/2021\/08\/Verificador-de-autenticidade-Assinatura-Eletronica-Colacao-de-Grau-Contraktor.pdf\" target=\"_blank\">\n\t\t\t\t\t\t<span class=\"elementor-button-content-wrapper\">\n\t\t\t\t\t\t<span class=\"elementor-button-icon\">\n\t\t\t\t<i aria-hidden=\"true\" class=\"far fa-file-pdf\"><\/i>\t\t\t<\/span>\n\t\t\t\t\t\t\t\t\t<span class=\"elementor-button-text\">VERIFICADOR DE AUTENTICIDADE DA ASSINATURA ELETR\u00d4NICA<\/span>\n\t\t\t\t\t<\/span>\n\t\t\t\t\t<\/a>\n\t\t\t\t<\/div>\n\t\t\t\t\t\t\t\t<\/div>\n\t\t\t\t<\/div>\n\t\t\t\t\t<\/div>\n\t\t<\/div>\n\t\t\t\t\t<\/div>\n\t\t<\/section>\n\t\t\t\t<section class=\"elementor-section elementor-inner-section elementor-element elementor-element-1a2b063 elementor-section-boxed elementor-section-height-default elementor-section-height-default\" data-id=\"1a2b063\" data-element_type=\"section\" data-e-type=\"section\">\n\t\t\t\t\t\t<div class=\"elementor-container elementor-column-gap-default\">\n\t\t\t\t\t<div class=\"elementor-column elementor-col-100 elementor-inner-column elementor-element elementor-element-7a4f264\" data-id=\"7a4f264\" data-element_type=\"column\" data-e-type=\"column\">\n\t\t\t<div class=\"elementor-widget-wrap elementor-element-populated\">\n\t\t\t\t\t\t<div class=\"elementor-element elementor-element-ae5f1ab elementor-align-center elementor-widget elementor-widget-button\" data-id=\"ae5f1ab\" data-element_type=\"widget\" data-e-type=\"widget\" data-widget_type=\"button.default\">\n\t\t\t\t<div class=\"elementor-widget-container\">\n\t\t\t\t\t\t\t\t\t<div class=\"elementor-button-wrapper\">\n\t\t\t\t\t<a class=\"elementor-button elementor-button-link elementor-size-sm\" href=\"https:\/\/ratio.edu.br\/ata-digital-da-colacao-de-grau\/#video\">\n\t\t\t\t\t\t<span class=\"elementor-button-content-wrapper\">\n\t\t\t\t\t\t<span class=\"elementor-button-icon\">\n\t\t\t\t<i aria-hidden=\"true\" class=\"fas fa-video\"><\/i>\t\t\t<\/span>\n\t\t\t\t\t\t\t\t\t<span class=\"elementor-button-text\">CLIQUE AQUI E ACESSE O V\u00cdDEO DA COLA\u00c7\u00c3O DE GRAU<\/span>\n\t\t\t\t\t<\/span>\n\t\t\t\t\t<\/a>\n\t\t\t\t<\/div>\n\t\t\t\t\t\t\t\t<\/div>\n\t\t\t\t<\/div>\n\t\t\t\t\t<\/div>\n\t\t<\/div>\n\t\t\t\t\t<\/div>\n\t\t<\/section>\n\t\t\t\t<section class=\"elementor-section elementor-inner-section elementor-element elementor-element-dda74b8 elementor-section-boxed elementor-section-height-default elementor-section-height-default\" data-id=\"dda74b8\" data-element_type=\"section\" data-e-type=\"section\">\n\t\t\t\t\t\t<div class=\"elementor-container elementor-column-gap-default\">\n\t\t\t\t\t<div class=\"elementor-column elementor-col-100 elementor-inner-column elementor-element elementor-element-f4fe8c8\" data-id=\"f4fe8c8\" data-element_type=\"column\" data-e-type=\"column\">\n\t\t\t<div class=\"elementor-widget-wrap elementor-element-populated\">\n\t\t\t\t\t\t<div class=\"elementor-element elementor-element-02b3c69 elementor-widget elementor-widget-image\" data-id=\"02b3c69\" data-element_type=\"widget\" data-e-type=\"widget\" data-widget_type=\"image.default\">\n\t\t\t\t<div class=\"elementor-widget-container\">\n\t\t\t\t\t\t\t\t\t\t\t\t\t\t\t<img fetchpriority=\"high\" decoding=\"async\" width=\"2560\" height=\"720\" src=\"https:\/\/ratio.edu.br\/wp-content\/uploads\/2021\/08\/Print-Colacao-04-scaled.jpg\" class=\"attachment-full size-full wp-image-1580\" alt=\"\" srcset=\"https:\/\/ratio.edu.br\/wp-content\/uploads\/2021\/08\/Print-Colacao-04-scaled.jpg 2560w, https:\/\/ratio.edu.br\/wp-content\/uploads\/2021\/08\/Print-Colacao-04-300x84.jpg 300w, https:\/\/ratio.edu.br\/wp-content\/uploads\/2021\/08\/Print-Colacao-04-1024x288.jpg 1024w, https:\/\/ratio.edu.br\/wp-content\/uploads\/2021\/08\/Print-Colacao-04-768x216.jpg 768w, https:\/\/ratio.edu.br\/wp-content\/uploads\/2021\/08\/Print-Colacao-04-1536x432.jpg 1536w, https:\/\/ratio.edu.br\/wp-content\/uploads\/2021\/08\/Print-Colacao-04-2048x576.jpg 2048w\" sizes=\"(max-width: 2560px) 100vw, 2560px\" \/>\t\t\t\t\t\t\t\t\t\t\t\t\t\t\t<\/div>\n\t\t\t\t<\/div>\n\t\t\t\t<div class=\"elementor-element elementor-element-cbec793 elementor-widget elementor-widget-text-editor\" data-id=\"cbec793\" data-element_type=\"widget\" data-e-type=\"widget\" data-widget_type=\"text-editor.default\">\n\t\t\t\t<div class=\"elementor-widget-container\">\n\t\t\t\t\t\t\t\t\t<p><strong>Cola\u00e7\u00e3o Virtual &#8211; Faculdade Ratio &#8211; Optometria<\/strong><\/p>\t\t\t\t\t\t\t\t<\/div>\n\t\t\t\t<\/div>\n\t\t\t\t\t<\/div>\n\t\t<\/div>\n\t\t\t\t\t<\/div>\n\t\t<\/section>\n\t\t\t\t<section class=\"elementor-section elementor-inner-section elementor-element elementor-element-b5bceef elementor-section-boxed elementor-section-height-default elementor-section-height-default\" data-id=\"b5bceef\" data-element_type=\"section\" data-e-type=\"section\">\n\t\t\t\t\t\t<div class=\"elementor-container elementor-column-gap-default\">\n\t\t\t\t\t<div class=\"elementor-column elementor-col-50 elementor-inner-column elementor-element elementor-element-f36cc72\" data-id=\"f36cc72\" data-element_type=\"column\" data-e-type=\"column\">\n\t\t\t<div class=\"elementor-widget-wrap elementor-element-populated\">\n\t\t\t\t\t\t<div class=\"elementor-element elementor-element-8bd1e37 elementor-widget elementor-widget-image\" data-id=\"8bd1e37\" data-element_type=\"widget\" data-e-type=\"widget\" data-widget_type=\"image.default\">\n\t\t\t\t<div class=\"elementor-widget-container\">\n\t\t\t\t\t\t\t\t\t\t\t\t\t\t\t<img decoding=\"async\" width=\"1299\" height=\"789\" src=\"https:\/\/ratio.edu.br\/wp-content\/uploads\/2021\/08\/Print-Colacao-01.jpg\" class=\"attachment-full size-full wp-image-1581\" alt=\"\" srcset=\"https:\/\/ratio.edu.br\/wp-content\/uploads\/2021\/08\/Print-Colacao-01.jpg 1299w, https:\/\/ratio.edu.br\/wp-content\/uploads\/2021\/08\/Print-Colacao-01-300x182.jpg 300w, https:\/\/ratio.edu.br\/wp-content\/uploads\/2021\/08\/Print-Colacao-01-1024x622.jpg 1024w, https:\/\/ratio.edu.br\/wp-content\/uploads\/2021\/08\/Print-Colacao-01-768x466.jpg 768w\" sizes=\"(max-width: 1299px) 100vw, 1299px\" \/>\t\t\t\t\t\t\t\t\t\t\t\t\t\t\t<\/div>\n\t\t\t\t<\/div>\n\t\t\t\t\t<\/div>\n\t\t<\/div>\n\t\t\t\t<div class=\"elementor-column elementor-col-50 elementor-inner-column elementor-element elementor-element-a59a456\" data-id=\"a59a456\" data-element_type=\"column\" data-e-type=\"column\">\n\t\t\t<div class=\"elementor-widget-wrap elementor-element-populated\">\n\t\t\t\t\t\t<div class=\"elementor-element elementor-element-c10257a elementor-widget elementor-widget-image\" data-id=\"c10257a\" data-element_type=\"widget\" data-e-type=\"widget\" data-widget_type=\"image.default\">\n\t\t\t\t<div class=\"elementor-widget-container\">\n\t\t\t\t\t\t\t\t\t\t\t\t\t\t\t<img decoding=\"async\" width=\"1346\" height=\"783\" src=\"https:\/\/ratio.edu.br\/wp-content\/uploads\/2021\/08\/Print-Colacao-03.jpg\" class=\"attachment-full size-full wp-image-1583\" alt=\"\" srcset=\"https:\/\/ratio.edu.br\/wp-content\/uploads\/2021\/08\/Print-Colacao-03.jpg 1346w, https:\/\/ratio.edu.br\/wp-content\/uploads\/2021\/08\/Print-Colacao-03-300x175.jpg 300w, https:\/\/ratio.edu.br\/wp-content\/uploads\/2021\/08\/Print-Colacao-03-1024x596.jpg 1024w, https:\/\/ratio.edu.br\/wp-content\/uploads\/2021\/08\/Print-Colacao-03-768x447.jpg 768w\" sizes=\"(max-width: 1346px) 100vw, 1346px\" \/>\t\t\t\t\t\t\t\t\t\t\t\t\t\t\t<\/div>\n\t\t\t\t<\/div>\n\t\t\t\t\t<\/div>\n\t\t<\/div>\n\t\t\t\t\t<\/div>\n\t\t<\/section>\n\t\t\t\t<div class=\"elementor-element elementor-element-b29535d elementor-widget elementor-widget-text-editor\" data-id=\"b29535d\" data-element_type=\"widget\" data-e-type=\"widget\" data-widget_type=\"text-editor.default\">\n\t\t\t\t<div class=\"elementor-widget-container\">\n\t\t\t\t\t\t\t\t\t<p><strong>Cola\u00e7\u00e3o Virtual &#8211; Faculdade Ratio &#8211; Optometria<\/strong><\/p>\t\t\t\t\t\t\t\t<\/div>\n\t\t\t\t<\/div>\n\t\t\t\t<section class=\"elementor-section elementor-inner-section elementor-element elementor-element-ea19e61 elementor-section-boxed elementor-section-height-default elementor-section-height-default\" data-id=\"ea19e61\" data-element_type=\"section\" data-e-type=\"section\">\n\t\t\t\t\t\t<div class=\"elementor-container elementor-column-gap-default\">\n\t\t\t\t\t<div class=\"elementor-column elementor-col-100 elementor-inner-column elementor-element elementor-element-e3ebc65\" data-id=\"e3ebc65\" data-element_type=\"column\" data-e-type=\"column\">\n\t\t\t<div class=\"elementor-widget-wrap elementor-element-populated\">\n\t\t\t\t\t\t<div class=\"elementor-element elementor-element-880c790 elementor-widget elementor-widget-image\" data-id=\"880c790\" data-element_type=\"widget\" data-e-type=\"widget\" data-widget_type=\"image.default\">\n\t\t\t\t<div class=\"elementor-widget-container\">\n\t\t\t\t\t\t\t\t\t\t\t\t\t\t\t<img loading=\"lazy\" decoding=\"async\" width=\"2321\" height=\"686\" src=\"https:\/\/ratio.edu.br\/wp-content\/uploads\/2021\/08\/Print-Colacao-02.jpg\" class=\"attachment-full size-full wp-image-1582\" alt=\"\" srcset=\"https:\/\/ratio.edu.br\/wp-content\/uploads\/2021\/08\/Print-Colacao-02.jpg 2321w, https:\/\/ratio.edu.br\/wp-content\/uploads\/2021\/08\/Print-Colacao-02-300x89.jpg 300w, https:\/\/ratio.edu.br\/wp-content\/uploads\/2021\/08\/Print-Colacao-02-1024x303.jpg 1024w, https:\/\/ratio.edu.br\/wp-content\/uploads\/2021\/08\/Print-Colacao-02-768x227.jpg 768w, https:\/\/ratio.edu.br\/wp-content\/uploads\/2021\/08\/Print-Colacao-02-1536x454.jpg 1536w, https:\/\/ratio.edu.br\/wp-content\/uploads\/2021\/08\/Print-Colacao-02-2048x605.jpg 2048w\" sizes=\"(max-width: 2321px) 100vw, 2321px\" \/>\t\t\t\t\t\t\t\t\t\t\t\t\t\t\t<\/div>\n\t\t\t\t<\/div>\n\t\t\t\t<div class=\"elementor-element elementor-element-4289549 elementor-widget elementor-widget-text-editor\" data-id=\"4289549\" data-element_type=\"widget\" data-e-type=\"widget\" data-widget_type=\"text-editor.default\">\n\t\t\t\t<div class=\"elementor-widget-container\">\n\t\t\t\t\t\t\t\t\t<p><strong>Cola\u00e7\u00e3o Virtual &#8211; Faculdade Ratio &#8211; Optometria<\/strong><\/p>\t\t\t\t\t\t\t\t<\/div>\n\t\t\t\t<\/div>\n\t\t\t\t\t<\/div>\n\t\t<\/div>\n\t\t\t\t\t<\/div>\n\t\t<\/section>\n\t\t\t\t<div class=\"elementor-element elementor-element-a472b51 elementor-widget-divider--view-line elementor-widget elementor-widget-divider\" data-id=\"a472b51\" data-element_type=\"widget\" data-e-type=\"widget\" data-widget_type=\"divider.default\">\n\t\t\t\t<div class=\"elementor-widget-container\">\n\t\t\t\t\t\t\t<div class=\"elementor-divider\">\n\t\t\t<span class=\"elementor-divider-separator\">\n\t\t\t\t\t\t<\/span>\n\t\t<\/div>\n\t\t\t\t\t\t<\/div>\n\t\t\t\t<\/div>\n\t\t\t\t<div class=\"elementor-element elementor-element-0cb3792 elementor-widget elementor-widget-heading\" data-id=\"0cb3792\" data-element_type=\"widget\" data-e-type=\"widget\" data-widget_type=\"heading.default\">\n\t\t\t\t<div class=\"elementor-widget-container\">\n\t\t\t\t\t<h2 class=\"elementor-heading-title elementor-size-default\">V\u00eddeo da Cola\u00e7\u00e3o de Grau Faculdade RATIO - OPTOMETRIA<\/h2>\t\t\t\t<\/div>\n\t\t\t\t<\/div>\n\t\t\t\t<section class=\"elementor-section elementor-inner-section elementor-element elementor-element-3437998 elementor-section-boxed elementor-section-height-default elementor-section-height-default\" data-id=\"3437998\" data-element_type=\"section\" data-e-type=\"section\" id=\"video\">\n\t\t\t\t\t\t<div class=\"elementor-container elementor-column-gap-default\">\n\t\t\t\t\t<div class=\"elementor-column elementor-col-100 elementor-inner-column elementor-element elementor-element-52c370c\" data-id=\"52c370c\" data-element_type=\"column\" data-e-type=\"column\">\n\t\t\t<div class=\"elementor-widget-wrap elementor-element-populated\">\n\t\t\t\t\t\t<div class=\"elementor-element elementor-element-982bee4 elementor-widget elementor-widget-video\" data-id=\"982bee4\" data-element_type=\"widget\" data-e-type=\"widget\" id=\"Video\" data-settings=\"{&quot;video_type&quot;:&quot;hosted&quot;,&quot;show_image_overlay&quot;:&quot;yes&quot;,&quot;image_overlay&quot;:{&quot;url&quot;:&quot;&quot;,&quot;id&quot;:&quot;&quot;,&quot;size&quot;:&quot;&quot;},&quot;controls&quot;:&quot;yes&quot;}\" data-widget_type=\"video.default\">\n\t\t\t\t<div class=\"elementor-widget-container\">\n\t\t\t\t\t\t\t<div class=\"e-hosted-video elementor-wrapper elementor-open-inline\">\n\t\t\t\t\t<video class=\"elementor-video\" src=\"https:\/\/ratio.edu.br\/wp-content\/uploads\/2021\/08\/Colacao-de-Grau-Tecnologia-em-Optometria-2021-08-06-17-14-13-parte-01.mp4\" controls=\"\" preload=\"metadata\" controlsList=\"nodownload\" poster=\"https:\/\/ratio.edu.br\/wp-content\/uploads\/2021\/08\/Banner-Video-Colacao-de-Grau-1-scaled.jpg\"><\/video>\n\t\t\t\t<\/div>\n\t\t\t\t\t\t<\/div>\n\t\t\t\t<\/div>\n\t\t\t\t\t<\/div>\n\t\t<\/div>\n\t\t\t\t\t<\/div>\n\t\t<\/section>\n\t\t\t\t<div class=\"elementor-element elementor-element-75a0ad2 elementor-widget elementor-widget-text-editor\" data-id=\"75a0ad2\" data-element_type=\"widget\" data-e-type=\"widget\" data-widget_type=\"text-editor.default\">\n\t\t\t\t<div class=\"elementor-widget-container\">\n\t\t\t\t\t\t\t\t\t<p><strong>Cola\u00e7\u00e3o Virtual &#8211; Faculdade Ratio &#8211; Optometria<\/strong><\/p>\t\t\t\t\t\t\t\t<\/div>\n\t\t\t\t<\/div>\n\t\t\t\t\t<\/div>\n\t\t<\/div>\n\t\t\t\t\t<\/div>\n\t\t<\/section>\n\t\t\t\t<\/div>\n\t\t","protected":false},"excerpt":{"rendered":"<p>Cola\u00e7\u00e3o de Grau Virtual A Faculdade RATIO realizou a Cola\u00e7\u00e3o de Grau 2020.1 e 2021.2 do Curso de Optometria completamente online. A iniciativa leva em considera\u00e7\u00e3o as recomenda\u00e7\u00f5es nacionais e internacionais de enfrentamento \u00e0 Covid-19. O objetivo \u00e9 manter em pr\u00e1tica o distanciamento social, garantindo assim a seguran\u00e7a e sa\u00fade de concludentes, familiares e colaboradores [&hellip;]<\/p>\n","protected":false},"author":7,"featured_media":0,"parent":0,"menu_order":0,"comment_status":"closed","ping_status":"closed","template":"elementor_header_footer","meta":{"footnotes":""},"class_list":["post-1548","page","type-page","status-publish","hentry"],"_links":{"self":[{"href":"https:\/\/ratio.edu.br\/index.php?rest_route=\/wp\/v2\/pages\/1548","targetHints":{"allow":["GET"]}}],"collection":[{"href":"https:\/\/ratio.edu.br\/index.php?rest_route=\/wp\/v2\/pages"}],"about":[{"href":"https:\/\/ratio.edu.br\/index.php?rest_route=\/wp\/v2\/types\/page"}],"author":[{"embeddable":true,"href":"https:\/\/ratio.edu.br\/index.php?rest_route=\/wp\/v2\/users\/7"}],"replies":[{"embeddable":true,"href":"https:\/\/ratio.edu.br\/index.php?rest_route=%2Fwp%2Fv2%2Fcomments&post=1548"}],"version-history":[{"count":77,"href":"https:\/\/ratio.edu.br\/index.php?rest_route=\/wp\/v2\/pages\/1548\/revisions"}],"predecessor-version":[{"id":1742,"href":"https:\/\/ratio.edu.br\/index.php?rest_route=\/wp\/v2\/pages\/1548\/revisions\/1742"}],"wp:attachment":[{"href":"https:\/\/ratio.edu.br\/index.php?rest_route=%2Fwp%2Fv2%2Fmedia&parent=1548"}],"curies":[{"name":"wp","href":"https:\/\/api.w.org\/{rel}","templated":true}]}}