{"id":602,"date":"2018-11-07T13:58:39","date_gmt":"2018-11-07T13:58:39","guid":{"rendered":"http:\/\/ratio.edu.br\/?page_id=602"},"modified":"2022-09-20T13:39:40","modified_gmt":"2022-09-20T13:39:40","slug":"revista-ratio","status":"publish","type":"page","link":"https:\/\/ratio.edu.br\/?page_id=602","title":{"rendered":"Revista Ratio"},"content":{"rendered":"\t\t<div data-elementor-type=\"wp-page\" data-elementor-id=\"602\" class=\"elementor elementor-602\" data-elementor-post-type=\"page\">\n\t\t\t\t\t\t<section class=\"elementor-section elementor-top-section elementor-element elementor-element-00be2a5 elementor-section-stretched elementor-section-boxed elementor-section-height-default elementor-section-height-default\" data-id=\"00be2a5\" data-element_type=\"section\" data-e-type=\"section\" data-settings=\"{&quot;background_background&quot;:&quot;classic&quot;,&quot;stretch_section&quot;:&quot;section-stretched&quot;}\">\n\t\t\t\t\t\t<div class=\"elementor-container elementor-column-gap-default\">\n\t\t\t\t\t<div class=\"elementor-column elementor-col-100 elementor-top-column elementor-element elementor-element-430243c\" data-id=\"430243c\" data-element_type=\"column\" data-e-type=\"column\">\n\t\t\t<div class=\"elementor-widget-wrap elementor-element-populated\">\n\t\t\t\t\t\t<div class=\"elementor-element elementor-element-984d29b elementor-widget elementor-widget-heading\" data-id=\"984d29b\" data-element_type=\"widget\" data-e-type=\"widget\" data-widget_type=\"heading.default\">\n\t\t\t\t<div class=\"elementor-widget-container\">\n\t\t\t\t\t<h2 class=\"elementor-heading-title elementor-size-default\">REVISTA RATIO<\/h2>\t\t\t\t<\/div>\n\t\t\t\t<\/div>\n\t\t\t\t<div class=\"elementor-element elementor-element-6f8cb96 elementor-widget-divider--view-line_icon elementor-view-default elementor-widget-divider--element-align-center elementor-widget elementor-widget-divider\" data-id=\"6f8cb96\" data-element_type=\"widget\" data-e-type=\"widget\" data-widget_type=\"divider.default\">\n\t\t\t\t<div class=\"elementor-widget-container\">\n\t\t\t\t\t\t\t<div class=\"elementor-divider\">\n\t\t\t<span class=\"elementor-divider-separator\">\n\t\t\t\t\t\t\t<div class=\"elementor-icon elementor-divider__element\">\n\t\t\t\t\t<i aria-hidden=\"true\" class=\"fas fa-book-reader\"><\/i><\/div>\n\t\t\t\t\t\t<\/span>\n\t\t<\/div>\n\t\t\t\t\t\t<\/div>\n\t\t\t\t<\/div>\n\t\t\t\t\t<\/div>\n\t\t<\/div>\n\t\t\t\t\t<\/div>\n\t\t<\/section>\n\t\t\t\t<section class=\"elementor-section elementor-top-section elementor-element elementor-element-ab0da64 elementor-section-stretched elementor-section-boxed elementor-section-height-default elementor-section-height-default\" data-id=\"ab0da64\" data-element_type=\"section\" data-e-type=\"section\" data-settings=\"{&quot;stretch_section&quot;:&quot;section-stretched&quot;,&quot;background_background&quot;:&quot;classic&quot;}\">\n\t\t\t\t\t\t<div class=\"elementor-container elementor-column-gap-default\">\n\t\t\t\t\t<div class=\"elementor-column elementor-col-20 elementor-top-column elementor-element elementor-element-5de0ca2\" data-id=\"5de0ca2\" data-element_type=\"column\" data-e-type=\"column\">\n\t\t\t<div class=\"elementor-widget-wrap elementor-element-populated\">\n\t\t\t\t\t\t<div class=\"elementor-element elementor-element-b715ff1 elementor-widget elementor-widget-image\" data-id=\"b715ff1\" data-element_type=\"widget\" data-e-type=\"widget\" data-widget_type=\"image.default\">\n\t\t\t\t<div class=\"elementor-widget-container\">\n\t\t\t\t\t\t\t\t\t\t\t\t\t\t\t\t<a href=\"http:\/\/online.pubhtml5.com\/hyym\/gscm\/\" target=\"_blank\">\n\t\t\t\t\t\t\t<img fetchpriority=\"high\" decoding=\"async\" width=\"210\" height=\"300\" src=\"https:\/\/ratio.edu.br\/wp-content\/uploads\/2021\/01\/Revista-Ratio-2017-210x300.jpg\" class=\"elementor-animation-grow attachment-medium size-medium wp-image-1343\" alt=\"\" srcset=\"https:\/\/ratio.edu.br\/wp-content\/uploads\/2021\/01\/Revista-Ratio-2017-210x300.jpg 210w, https:\/\/ratio.edu.br\/wp-content\/uploads\/2021\/01\/Revista-Ratio-2017-102x146.jpg 102w, https:\/\/ratio.edu.br\/wp-content\/uploads\/2021\/01\/Revista-Ratio-2017-35x50.jpg 35w, https:\/\/ratio.edu.br\/wp-content\/uploads\/2021\/01\/Revista-Ratio-2017-52x75.jpg 52w, https:\/\/ratio.edu.br\/wp-content\/uploads\/2021\/01\/Revista-Ratio-2017.jpg 420w\" sizes=\"(max-width: 210px) 100vw, 210px\" \/>\t\t\t\t\t\t\t\t<\/a>\n\t\t\t\t\t\t\t\t\t\t\t\t\t\t\t<\/div>\n\t\t\t\t<\/div>\n\t\t\t\t<div class=\"elementor-element elementor-element-e3440e8 elementor-widget elementor-widget-heading\" data-id=\"e3440e8\" data-element_type=\"widget\" data-e-type=\"widget\" data-widget_type=\"heading.default\">\n\t\t\t\t<div class=\"elementor-widget-container\">\n\t\t\t\t\t<h2 class=\"elementor-heading-title elementor-size-default\"><a href=\"http:\/\/online.pubhtml5.com\/hyym\/gscm\/\" target=\"_blank\">Edi\u00e7\u00e3o Completa 2017<\/a><\/h2>\t\t\t\t<\/div>\n\t\t\t\t<\/div>\n\t\t\t\t\t<\/div>\n\t\t<\/div>\n\t\t\t\t<div class=\"elementor-column elementor-col-20 elementor-top-column elementor-element elementor-element-06e9d9d\" data-id=\"06e9d9d\" data-element_type=\"column\" data-e-type=\"column\">\n\t\t\t<div class=\"elementor-widget-wrap elementor-element-populated\">\n\t\t\t\t\t\t<div class=\"elementor-element elementor-element-2f51650 elementor-widget elementor-widget-image\" data-id=\"2f51650\" data-element_type=\"widget\" data-e-type=\"widget\" data-widget_type=\"image.default\">\n\t\t\t\t<div class=\"elementor-widget-container\">\n\t\t\t\t\t\t\t\t\t\t\t\t\t\t\t\t<a href=\"http:\/\/online.pubhtml5.com\/hyym\/yssm\/#p=1\" target=\"_blank\">\n\t\t\t\t\t\t\t<img decoding=\"async\" width=\"210\" height=\"300\" src=\"https:\/\/ratio.edu.br\/wp-content\/uploads\/2021\/01\/Revista-Ratio-2016-210x300.jpg\" class=\"elementor-animation-grow attachment-medium size-medium wp-image-1344\" alt=\"\" srcset=\"https:\/\/ratio.edu.br\/wp-content\/uploads\/2021\/01\/Revista-Ratio-2016-210x300.jpg 210w, https:\/\/ratio.edu.br\/wp-content\/uploads\/2021\/01\/Revista-Ratio-2016-102x146.jpg 102w, https:\/\/ratio.edu.br\/wp-content\/uploads\/2021\/01\/Revista-Ratio-2016-35x50.jpg 35w, https:\/\/ratio.edu.br\/wp-content\/uploads\/2021\/01\/Revista-Ratio-2016-52x75.jpg 52w, https:\/\/ratio.edu.br\/wp-content\/uploads\/2021\/01\/Revista-Ratio-2016.jpg 420w\" sizes=\"(max-width: 210px) 100vw, 210px\" \/>\t\t\t\t\t\t\t\t<\/a>\n\t\t\t\t\t\t\t\t\t\t\t\t\t\t\t<\/div>\n\t\t\t\t<\/div>\n\t\t\t\t<div class=\"elementor-element elementor-element-645d46e elementor-widget elementor-widget-heading\" data-id=\"645d46e\" data-element_type=\"widget\" data-e-type=\"widget\" data-widget_type=\"heading.default\">\n\t\t\t\t<div class=\"elementor-widget-container\">\n\t\t\t\t\t<h2 class=\"elementor-heading-title elementor-size-default\"><a href=\"http:\/\/online.pubhtml5.com\/hyym\/yssm\/#p=1\" target=\"_blank\">Edi\u00e7\u00e3o Completa 2016<\/a><\/h2>\t\t\t\t<\/div>\n\t\t\t\t<\/div>\n\t\t\t\t\t<\/div>\n\t\t<\/div>\n\t\t\t\t<div class=\"elementor-column elementor-col-20 elementor-top-column elementor-element elementor-element-406506b\" data-id=\"406506b\" data-element_type=\"column\" data-e-type=\"column\">\n\t\t\t<div class=\"elementor-widget-wrap elementor-element-populated\">\n\t\t\t\t\t\t<div class=\"elementor-element elementor-element-d184eec elementor-widget elementor-widget-image\" data-id=\"d184eec\" data-element_type=\"widget\" data-e-type=\"widget\" data-widget_type=\"image.default\">\n\t\t\t\t<div class=\"elementor-widget-container\">\n\t\t\t\t\t\t\t\t\t\t\t\t\t\t\t\t<a href=\"http:\/\/online.pubhtml5.com\/hyym\/lzmw\/\" target=\"_blank\">\n\t\t\t\t\t\t\t<img decoding=\"async\" width=\"210\" height=\"300\" src=\"https:\/\/ratio.edu.br\/wp-content\/uploads\/2021\/01\/Revista-Ratio-2015-210x300.jpg\" class=\"elementor-animation-grow attachment-medium size-medium wp-image-1340\" alt=\"\" srcset=\"https:\/\/ratio.edu.br\/wp-content\/uploads\/2021\/01\/Revista-Ratio-2015-210x300.jpg 210w, https:\/\/ratio.edu.br\/wp-content\/uploads\/2021\/01\/Revista-Ratio-2015-102x146.jpg 102w, https:\/\/ratio.edu.br\/wp-content\/uploads\/2021\/01\/Revista-Ratio-2015-35x50.jpg 35w, https:\/\/ratio.edu.br\/wp-content\/uploads\/2021\/01\/Revista-Ratio-2015-52x75.jpg 52w, https:\/\/ratio.edu.br\/wp-content\/uploads\/2021\/01\/Revista-Ratio-2015.jpg 420w\" sizes=\"(max-width: 210px) 100vw, 210px\" \/>\t\t\t\t\t\t\t\t<\/a>\n\t\t\t\t\t\t\t\t\t\t\t\t\t\t\t<\/div>\n\t\t\t\t<\/div>\n\t\t\t\t<div class=\"elementor-element elementor-element-1807af1 elementor-widget elementor-widget-heading\" data-id=\"1807af1\" data-element_type=\"widget\" data-e-type=\"widget\" data-widget_type=\"heading.default\">\n\t\t\t\t<div class=\"elementor-widget-container\">\n\t\t\t\t\t<h2 class=\"elementor-heading-title elementor-size-default\"><a href=\"http:\/\/online.pubhtml5.com\/hyym\/lzmw\/\" target=\"_blank\">Edi\u00e7\u00e3o Completa 2015<\/a><\/h2>\t\t\t\t<\/div>\n\t\t\t\t<\/div>\n\t\t\t\t\t<\/div>\n\t\t<\/div>\n\t\t\t\t<div class=\"elementor-column elementor-col-20 elementor-top-column elementor-element elementor-element-66f289d\" data-id=\"66f289d\" data-element_type=\"column\" data-e-type=\"column\">\n\t\t\t<div class=\"elementor-widget-wrap elementor-element-populated\">\n\t\t\t\t\t\t<div class=\"elementor-element elementor-element-0718bb0 elementor-widget elementor-widget-image\" data-id=\"0718bb0\" data-element_type=\"widget\" data-e-type=\"widget\" data-widget_type=\"image.default\">\n\t\t\t\t<div class=\"elementor-widget-container\">\n\t\t\t\t\t\t\t\t\t\t\t\t\t\t\t\t<a href=\"http:\/\/online.pubhtml5.com\/hyym\/kmfp\/\" target=\"_blank\">\n\t\t\t\t\t\t\t<img decoding=\"async\" width=\"210\" height=\"300\" src=\"https:\/\/ratio.edu.br\/wp-content\/uploads\/2021\/01\/Revista-Ratio-2015-210x300.jpg\" class=\"elementor-animation-grow attachment-medium size-medium wp-image-1340\" alt=\"\" srcset=\"https:\/\/ratio.edu.br\/wp-content\/uploads\/2021\/01\/Revista-Ratio-2015-210x300.jpg 210w, https:\/\/ratio.edu.br\/wp-content\/uploads\/2021\/01\/Revista-Ratio-2015-102x146.jpg 102w, https:\/\/ratio.edu.br\/wp-content\/uploads\/2021\/01\/Revista-Ratio-2015-35x50.jpg 35w, https:\/\/ratio.edu.br\/wp-content\/uploads\/2021\/01\/Revista-Ratio-2015-52x75.jpg 52w, https:\/\/ratio.edu.br\/wp-content\/uploads\/2021\/01\/Revista-Ratio-2015.jpg 420w\" sizes=\"(max-width: 210px) 100vw, 210px\" \/>\t\t\t\t\t\t\t\t<\/a>\n\t\t\t\t\t\t\t\t\t\t\t\t\t\t\t<\/div>\n\t\t\t\t<\/div>\n\t\t\t\t<div class=\"elementor-element elementor-element-7d9bee3 elementor-widget elementor-widget-heading\" data-id=\"7d9bee3\" data-element_type=\"widget\" data-e-type=\"widget\" data-widget_type=\"heading.default\">\n\t\t\t\t<div class=\"elementor-widget-container\">\n\t\t\t\t\t<h2 class=\"elementor-heading-title elementor-size-default\"><a href=\"http:\/\/online.pubhtml5.com\/hyym\/kmfp\/\" target=\"_blank\">Edi\u00e7\u00e3o Completa 2014<\/a><\/h2>\t\t\t\t<\/div>\n\t\t\t\t<\/div>\n\t\t\t\t\t<\/div>\n\t\t<\/div>\n\t\t\t\t<div class=\"elementor-column elementor-col-20 elementor-top-column elementor-element elementor-element-d083752\" data-id=\"d083752\" data-element_type=\"column\" data-e-type=\"column\">\n\t\t\t<div class=\"elementor-widget-wrap elementor-element-populated\">\n\t\t\t\t\t\t<div class=\"elementor-element elementor-element-5e9c6f9 elementor-widget elementor-widget-image\" data-id=\"5e9c6f9\" data-element_type=\"widget\" data-e-type=\"widget\" data-widget_type=\"image.default\">\n\t\t\t\t<div class=\"elementor-widget-container\">\n\t\t\t\t\t\t\t\t\t\t\t\t\t\t\t\t<a href=\"http:\/\/online.pubhtml5.com\/hyym\/ebam\/\" target=\"_blank\">\n\t\t\t\t\t\t\t<img decoding=\"async\" width=\"210\" height=\"300\" src=\"https:\/\/ratio.edu.br\/wp-content\/uploads\/2021\/01\/Revista-Ratio-2015-210x300.jpg\" class=\"elementor-animation-grow attachment-medium size-medium wp-image-1340\" alt=\"\" srcset=\"https:\/\/ratio.edu.br\/wp-content\/uploads\/2021\/01\/Revista-Ratio-2015-210x300.jpg 210w, https:\/\/ratio.edu.br\/wp-content\/uploads\/2021\/01\/Revista-Ratio-2015-102x146.jpg 102w, https:\/\/ratio.edu.br\/wp-content\/uploads\/2021\/01\/Revista-Ratio-2015-35x50.jpg 35w, https:\/\/ratio.edu.br\/wp-content\/uploads\/2021\/01\/Revista-Ratio-2015-52x75.jpg 52w, https:\/\/ratio.edu.br\/wp-content\/uploads\/2021\/01\/Revista-Ratio-2015.jpg 420w\" sizes=\"(max-width: 210px) 100vw, 210px\" \/>\t\t\t\t\t\t\t\t<\/a>\n\t\t\t\t\t\t\t\t\t\t\t\t\t\t\t<\/div>\n\t\t\t\t<\/div>\n\t\t\t\t<div class=\"elementor-element elementor-element-9c4b602 elementor-widget elementor-widget-heading\" data-id=\"9c4b602\" data-element_type=\"widget\" data-e-type=\"widget\" data-widget_type=\"heading.default\">\n\t\t\t\t<div class=\"elementor-widget-container\">\n\t\t\t\t\t<h2 class=\"elementor-heading-title elementor-size-default\"><a href=\"http:\/\/online.pubhtml5.com\/hyym\/ebam\/\" target=\"_blank\">Edi\u00e7\u00e3o Completa 2013<\/a><\/h2>\t\t\t\t<\/div>\n\t\t\t\t<\/div>\n\t\t\t\t\t<\/div>\n\t\t<\/div>\n\t\t\t\t\t<\/div>\n\t\t<\/section>\n\t\t\t\t<section class=\"elementor-section elementor-top-section elementor-element elementor-element-e0d0fa4 elementor-section-stretched elementor-section-boxed elementor-section-height-default elementor-section-height-default\" data-id=\"e0d0fa4\" data-element_type=\"section\" data-e-type=\"section\" data-settings=\"{&quot;stretch_section&quot;:&quot;section-stretched&quot;,&quot;background_background&quot;:&quot;classic&quot;}\">\n\t\t\t\t\t\t<div class=\"elementor-container elementor-column-gap-default\">\n\t\t\t\t\t<div class=\"elementor-column elementor-col-100 elementor-top-column elementor-element elementor-element-d5a3a23\" data-id=\"d5a3a23\" data-element_type=\"column\" data-e-type=\"column\">\n\t\t\t<div class=\"elementor-widget-wrap elementor-element-populated\">\n\t\t\t\t\t\t<div class=\"elementor-element elementor-element-9f9efb5 elementor-widget elementor-widget-heading\" data-id=\"9f9efb5\" data-element_type=\"widget\" data-e-type=\"widget\" data-widget_type=\"heading.default\">\n\t\t\t\t<div class=\"elementor-widget-container\">\n\t\t\t\t\t<h2 class=\"elementor-heading-title elementor-size-default\">NOSSA LOCALIZA\u00c7\u00c3O<\/h2>\t\t\t\t<\/div>\n\t\t\t\t<\/div>\n\t\t\t\t<div class=\"elementor-element elementor-element-1cd316a elementor-widget-divider--view-line elementor-widget elementor-widget-divider\" data-id=\"1cd316a\" data-element_type=\"widget\" data-e-type=\"widget\" data-widget_type=\"divider.default\">\n\t\t\t\t<div class=\"elementor-widget-container\">\n\t\t\t\t\t\t\t<div class=\"elementor-divider\">\n\t\t\t<span class=\"elementor-divider-separator\">\n\t\t\t\t\t\t<\/span>\n\t\t<\/div>\n\t\t\t\t\t\t<\/div>\n\t\t\t\t<\/div>\n\t\t\t\t<div class=\"elementor-element elementor-element-54f5cba elementor-widget elementor-widget-heading\" data-id=\"54f5cba\" data-element_type=\"widget\" data-e-type=\"widget\" data-widget_type=\"heading.default\">\n\t\t\t\t<div class=\"elementor-widget-container\">\n\t\t\t\t\t<h2 class=\"elementor-heading-title elementor-size-default\">Av. Rogaciano Leite, 340 - Patriolino Ribeiro, Fortaleza-CE<\/h2>\t\t\t\t<\/div>\n\t\t\t\t<\/div>\n\t\t\t\t<div class=\"elementor-element elementor-element-6bb8cc4 elementor-widget elementor-widget-html\" data-id=\"6bb8cc4\" data-element_type=\"widget\" data-e-type=\"widget\" data-widget_type=\"html.default\">\n\t\t\t\t<div class=\"elementor-widget-container\">\n\t\t\t\t\t<iframe src=\"https:\/\/www.google.com\/maps\/embed?pb=!1m18!1m12!1m3!1d7962.452462428224!2d-38.497567065112335!3d-3.7608708999999934!2m3!1f0!2f0!3f0!3m2!1i1024!2i768!4f13.1!3m3!1m2!1s0x7c748af8153cc8b%3A0x86983b84d31cc19!2sFaculdade%20Ratio!5e0!3m2!1spt-BR!2sbr!4v1605221182864!5m2!1spt-BR!2sbr\" width=\"600\" height=\"350\" frameborder=\"0\" style=\"border:0;\" allowfullscreen=\"\" aria-hidden=\"false\" tabindex=\"0\"><\/iframe>\t\t\t\t<\/div>\n\t\t\t\t<\/div>\n\t\t\t\t\t<\/div>\n\t\t<\/div>\n\t\t\t\t\t<\/div>\n\t\t<\/section>\n\t\t\t\t<\/div>\n\t\t","protected":false},"excerpt":{"rendered":"<p>REVISTA RATIO Edi\u00e7\u00e3o Completa 2017 Edi\u00e7\u00e3o Completa 2016 Edi\u00e7\u00e3o Completa 2015 Edi\u00e7\u00e3o Completa 2014 Edi\u00e7\u00e3o Completa 2013 NOSSA LOCALIZA\u00c7\u00c3O Av. Rogaciano Leite, 340 &#8211; Patriolino Ribeiro, Fortaleza-CE<\/p>\n","protected":false},"author":9,"featured_media":0,"parent":0,"menu_order":0,"comment_status":"closed","ping_status":"closed","template":"elementor_header_footer","meta":{"footnotes":""},"class_list":["post-602","page","type-page","status-publish","hentry"],"_links":{"self":[{"href":"https:\/\/ratio.edu.br\/index.php?rest_route=\/wp\/v2\/pages\/602","targetHints":{"allow":["GET"]}}],"collection":[{"href":"https:\/\/ratio.edu.br\/index.php?rest_route=\/wp\/v2\/pages"}],"about":[{"href":"https:\/\/ratio.edu.br\/index.php?rest_route=\/wp\/v2\/types\/page"}],"author":[{"embeddable":true,"href":"https:\/\/ratio.edu.br\/index.php?rest_route=\/wp\/v2\/users\/9"}],"replies":[{"embeddable":true,"href":"https:\/\/ratio.edu.br\/index.php?rest_route=%2Fwp%2Fv2%2Fcomments&post=602"}],"version-history":[{"count":8,"href":"https:\/\/ratio.edu.br\/index.php?rest_route=\/wp\/v2\/pages\/602\/revisions"}],"predecessor-version":[{"id":2031,"href":"https:\/\/ratio.edu.br\/index.php?rest_route=\/wp\/v2\/pages\/602\/revisions\/2031"}],"wp:attachment":[{"href":"https:\/\/ratio.edu.br\/index.php?rest_route=%2Fwp%2Fv2%2Fmedia&parent=602"}],"curies":[{"name":"wp","href":"https:\/\/api.w.org\/{rel}","templated":true}]}}